6 + 3*q**2 + 2601*q. Give w(-10).
-4
Suppose 0 = 13*x + 27*x - 760. Let s = 22 - x. Let l(j) = -j**2 - 3*j + 3. Give l(s).
-15
Let q(v) = v**2 - v - 28. Let j be q(-5). Let d(l) = 150*l - 149*l - 2 + l**3 + 3 + l**j. Calculate d(-2).
-5
Let g be 4/(-10) - (-14)/10. Let w(d) = 7*d**2 - 130*d + 11. Let l(r) = 13*r**2 - 234*r + 20. Let z(f) = -5*l(f) + 9*w(f). What is z(g)?
-3
Let q(o) = o - 14. Let y = 40 - 32. Let f be y + (-396)/55 + 8/(-10). Give q(f).
-14
Let v(h) = -h**3 - 4*h**2 + 4*h - 11. Let i = 4776 - 4781. Give v(i).
-6
Let d(o) be the first derivative of -o**3/3 - 7*o**2/2 + 3*o + 821. Calculate d(-8).
-5
Let y = -468 + 469. Suppose 0 = -n, 0 = -i + n - y - 0. Let w(s) = -2*s + 2*s - 3*s - 1 - 3*s. Give w(i).
5
Suppose -4*f = 2*s - 16, -2*f + 5*f - 2*s = 5. Suppose 2*r = -f*d - r + 9, -d = -r - 9. Let x(b) = 6 + 2*b - 312*b**2 - 328*b**2 + 639*b**2. What is x(d)?
-18
Let o be (-14 - 8) + (-90)/(-6). Let h(b) be the third derivative of b**6/120 + 7*b**5/60 - b**4/24 - b**3 + b**2. Determine h(o).
1
Suppose 108*v - 105*v = 54. Let u(z) = 40*z - v*z - 3 - 19*z + z**2. What is u(-5)?
7
Let v(h) = 4*h**2 + 11*h - 59. Let p(k) = 5*k**2 + 9*k - 71. Let i(u) = -5*p(u) + 6*v(u). Give i(22).
-21
Let f(y) be the second derivative of -y**3/6 + 4*y**2 - 13*y. Let v be f(6). Let i(j) = -4*j + 9. Let n be i(v). Let q(z) = 8*z**2 - 2*z + 1. Determine q(n).
7
Let j = -128 + 125. Let f be (1/(3 - 2))/(j/(-6)). Let w(k) be the second derivative of 11*k**3/6 - k**2 + 3*k. Determine w(f).
20
Let z(o) = 4*o**2 + 3*o + 19. Let g(k) = -25*k**2 - 19*k - 116. Let r(b) = 6*g(b) + 38*z(b). Give r(-5).
76
Let v(c) = c - 5. Let j be v(4). Let b(z) = 8*z**3 + 15*z**2 - 5*z - 4. Let h(a) = a**3 - 3*a**2 + a + 1. Let r(w) = b(w) + 5*h(w). Determine r(j).
-12
Let n(m) = 2*m**3 - 39*m**2 + 54*m + 4. Let g be n(18). Let u(r) be the first derivative of -4/3*r**3 + 30 + 1/4*r**g + 0*r - 5/2*r**2. Calculate u(5).
0
Let b(k) = k. Let g be b(2). Suppose -g*c + 157 = 159. Let u(a) = 3*a**3 + a**2 + a + 1. Calculate u(c).
-2
Let f(a) be the second derivative of a**3/6 + 10*a**2 - 1051*a. Determine f(9).
29
Let i(n) = -n**3 - 6*n**2 + 7*n + 5. Let z = 4598 - 4605. Calculate i(z).
5
Let q(n) be the second derivative of 5*n**3/2 + 25*n**2/2 - 1761*n. Give q(-2).
-5
Let w(k) = 43*k**2 + 6*k + k**3 - 21*k - 55*k**2 + 22. Let y(j) = -5*j + 3. Let s be y(-2). Determine w(s).
-4
Let k(j) be the second derivative of -j**4/12 + j. Let b = -3810 + 2411. Let l = b - -1398. Determine k(l).
-1
Let i(g) = g**3 - g**2 + 1. Let z(o) be the first derivative of -3*o**4/4 + 25*o**3/3 + o**2/2 - 23*o - 58. Let t(x) = 2*i(x) + z(x). Calculate t(23).
2
Suppose -42*y - 35 = -183 - 146. Let v(m) = -41*m + 284. Give v(y).
-3
Let r(z) be the third derivative of -z**5/30 - 3*z**3/2 + 346*z**2 + 2*z. Determine r(6).
-81
Let a(y) = -46935 - 46933 + 5*y**2 - 2*y + 93874. Give a(3).
45
Let q(p) = -16 - 11*p + 41*p**2 - 42*p**2 - 16 + p + 7. Determine q(-8).
-9
Let b(g) = -g. Let n(m) be the second derivative of m**5/20 - 5*m**4/12 + m**3/3 - 5*m**2/2 - 226*m. Let r(a) = 2*b(a) - n(a). What is r(4)?
5
Let c(y) be the second derivative of -y**4/12 - y**2/2 + 18396*y. Suppose 0 = 4*p - 3*p + w + 8, 4*w + 17 = -p. What is c(p)?
-26
Suppose -3*d - 3*y + 30 = 0, -5*d + 76 = -2*y + 47. Let w(f) = -f**3 + 6*f**2 + 14*f - 33. Give w(d).
16
Let x(r) = -r**2 + 25*r - 108. Let h be x(6). Let u(o) = 67*o**3 - 68*o**3 - 40*o + 46*o - 7*o**2 + h. Give u(-8).
22
Let c(x) = -x**3 + 6*x**2 - 6*x - 2. Let m = -1117 - -1120. What is c(m)?
7
Suppose -4*u = -0*u + 148. Suppose 3*l - 42 = z, z + 4*l + 51 = 2. Let h = u - z. Let c(i) = i**2 - 8*i + 6. Give c(h).
6
Let p(m) = -3*m**3 - 6*m**2 + 6*m + 4. Let k(w) = -5*w**3 - 9*w**2 + 10*w + 6. Let b = 184 + -189. Let d(n) = b*k(n) + 8*p(n). Give d(3).
-4
Let z(l) = 411*l + 261*l + 46 + 417*l - 1084*l. What is z(-8)?
6
Let o be 2/(-6)*3 + -5. Let z(k) = -5*k**2 - k + 14. Let v(s) = 9*s**2 + 2*s - 27. Let x(d) = o*v(d) - 11*z(d). Determine x(0).
8
Let x(c) = -2*c**3 - 8*c**3 - 6*c**2 + c**3 + c**3 + c + 7*c**3. What is x(-8)?
120
Let p be (29 - 28)*(-1 + -2)*-1. Let z(j) = 17*j + 15*j**2 - 12 - j**p - 23*j**2 + 3 - 12*j - 13*j. Give z(-7).
-2
Let a(m) = -5022 + 0*m - 2*m + 5020 - 4*m. Let w be 40/(-60) + (-44)/(-12). Calculate a(w).
-20
Let q = -5049 - -10099/2. Let t(u) be the second derivative of 0 + 1/6*u**4 + q*u**2 + 37*u + 0*u**3. Calculate t(1).
3
Let z be 7 + (3/(-7))/(6/42). Let w(d) = -6*d**3 - d**2 + 3*d - 1. Let g(h) = h**3 + h**2 - h + 1. Let v(l) = -5*g(l) - w(l). Calculate v(z).
4
Let y(z) = z**3 - 6*z**2 - 10*z + 7. Suppose 89*h + 85*h + 14 = 176*h. Determine y(h).
-14
Let s(w) = 514*w - 277*w - 6 - 289*w. Calculate s(-1).
46
Suppose -m - 45 = 2*j, -2*m = 6*j - 9*j - 57. Let i(k) = k + 5. Determine i(j).
-16
Let x(b) = 0 + 4*b - 2*b - 7 + 5. Let w(k) = k**2 - 2*k - 20. Let f be w(5). What is x(f)?
-12
Let t(n) be the second derivative of -n**6/240 + n**5/40 + 101*n**4/4 - 182*n. Let u(d) be the third derivative of t(d). Determine u(3).
-6
Let v(p) be the third derivative of p**6/120 + p**5/15 - p**4/12 + p**3/3 - p**2 + 24*p. Let f be 32/(-7) + 2 + (-10)/7. Calculate v(f).
10
Let w(o) = -2*o + 11. Suppose -3*y + 2*f = -y + 46, 4*f - 29 = y. Let j be (-56)/y - 4/6. Suppose -j*n = 2*r - 7 - 17, -r + 4 = -n. Calculate w(r).
-5
Suppose -18 + 24 = 6*p. Let a be ((-15)/6)/(p - (-12)/(-8)). Let i(x) = -x**2 + 6*x. Calculate i(a).
5
Let u(x) = x + 67. Let b(m) = -3*m - 36. Let v(c) = -3*b(c) - 2*u(c). What is v(5)?
9
Let g(q) = q - 29. Suppose -291*o - d = -294*o - 22, 0 = o + 3*d + 4. Calculate g(o).
-36
Let t(l) = -8*l**2 - 4*l. Let p = -109 + 118. Let g(v) = 2*v**2 + v. Let i(o) = p*g(o) + 2*t(o). What is i(1)?
3
Let v(h) = -2*h**2 - h + 2*h + 0*h - 2 + 4*h**2 + h. Let t = 9 + -15. Let y be t*1*5/15. What is v(y)?
2
Let t(v) = 28*v**2 - 60*v + 1. Let u be t(2). Let k(p) = p**3 + 7*p**2 + 7*p + 40. Give k(u).
-9
Suppose 0 = 5*i + 15, -3*f - 4*i + 7 = 16. Let h(a) = -14*a**2 - a - 2. Determine h(f).
-17
Let x(j) = -j**3 - 6*j**2 + j - 2. Let n be (3976/280 - 1/5)*2/(-4). Calculate x(n).
40
Let y(c) be the third derivative of -c**5/60 - 13*c**4/24 - 4*c**3/3 - 32*c**2. Let l(s) = -s**3 + 10*s**2 - 9*s - 11. Let t be l(9). What is y(t)?
14
Suppose 0 = -34*b + 37*b - 15. Let n(d) = 360 - d + b*d - 361. Determine n(1).
3
Let h(k) = 3*k + 20. Let t be (-9)/(-12) - (-60)/(-80). Suppose 3*j - 12 + 42 = t. What is h(j)?
-10
Let n be 3/(-21) - (-15690)/70. Let t = n - 227. Let j(q) be the first derivative of -q**2/2 - 7*q + 1. Give j(t).
-4
Let w(n) = 8*n + 7. Let x(s) = -s. Let i(q) = -w(q) - 5*x(q). Let y = 9226 + -9234. Determine i(y).
17
Let v(w) = -w**3 - 6*w**2 - 10*w - 6. Let o(n) = 10*n + 38. Let m be o(-4). Let s(x) = -2*x**3 - 6*x**2 - 11*x - 7. Let c(a) = m*s(a) + 3*v(a). Calculate c(7).
-11
Let l = -9 + 19. Let y = -20 + l. Let p(n) = -10*n - 6*n**2 - 8*n**2 - 13*n**2 - 9*n**2 - 1 + 35*n**2. Calculate p(y).
-1
Let h(b) = b**3 - 3*b**2 - 45. Suppose -2*u = 5*o - 45, 2*u - 4*o + 2 = -16. What is h(u)?
5
Let m(w) = 30 - 1510*w + 18 + 1502*w. Give m(7).
-8
Let g(v) = 4*v - 5*v - 1 - 4*v. Let z(o) = -o**2 - 7*o + 13. Let x be z(-6). Suppose 16*n = x*n - 6. Give g(n).
-11
Let o(h) be the second derivative of -2/3*h**3 + h + 0 + 0*h**2. Give o(-2).
8
Let o(n) = 4*n**2 - 204*n - 67. Let v(l) = -l**2 + 47*l + 17. Let c(h) = 2*o(h) + 9*v(h). What is c(8)?
75
Let u(p) be the second derivative of -p**5/20 - p**4/2 + p**3/2 + 11*p**2/2 - 1598*p. What is u(-7)?
39
Let z be 12 + -10 - (1 + -1). Let b(f) = 21*f - 1. Let q be b(z). Let t = 48 - q. Let x(k) = k**2 - 5*k - 7. Determine x(t).
7
Let c = -169 - -285. Let i = c + -116. Let m(g) be the third derivative of g**5/60 - g**4/24 + 2*g**3/3 - 4*g**2. Determine m(i).
4
Suppose -r - 8 = -3*r. Let x = -6825 + 6825. Suppose r*m = -m - x*m. Let h(s) = s**3 + s + 5. What is h(m)?
5
Suppose 0 = 3*t - 3*z + 15, 4*t + 420*z = 416*z + 20. Let v(y) be the third derivative of -26*y**2 + t*y**4 + 0*y + 0 - 19/6*y**3 - 1/60*y**5. Determine v(0).
-19
Let q(j) = j + 4. Let n be 58/12 + (28/24)/7. Suppose -114 = -n*m - 149. What is q(m)?
-3
Suppose -50*k + 70 = -15*k. Suppose -5*r + 39 = -a, 5*r + 5 = -4*a + 24. Let f(o) = 3 + 3*o**k - o - 3 - r*o*